g**2 - 8 - g - 11*g + 23. Let k be r(-10). Suppose x + 6*s = 4*s + 323, 4*x - 5*s - k = 0. Is x prime?
True
Let p(v) = v**3 + 13*v**2 - 15*v - 11. Let m be p(-14). Suppose 0 = 4*j + m*q - 1638, -4*j - j = -3*q - 2061. Is j prime?
False
Suppose -4*y = k - y - 15, -y + 75 = 5*k. Let h(f) = -f**3 + 13*f**2 + 21*f - 8. Let r be h(k). Let u = 282 + r. Is u composite?
False
Let a be ((-24)/(-28))/3 - (-33)/7. Suppose -4*h - 2*o = -16, a*o - 31 + 5 = -3*h. Is h/3*21066/12*3 a composite number?
False
Let a = -471 - -441. Is a/(-5) - 2 - (-2 - 251) a prime number?
True
Let j = 8245 - 8240. Let q(x) = -x**3 - 4*x**2 - 5*x - 3. Let n be q(-3). Suppose -j*g - n*t + 5*t = -12809, -2565 = -g + 2*t. Is g composite?
True
Let z(i) = i**3 + 7*i**2 - 12*i - 25. Let q(o) = o**3 + 7*o**2 + 16*o + 23. Let c be q(-5). Is z(c) prime?
True
Suppose 2*d + 2*c - 318728 = 125412, -8*d + 5*c + 1776599 = 0. Is d a composite number?
False
Let h be (-15)/(-6)*(6 - 8). Let j(p) = -44*p**2 - 6*p - 11. Let a(b) = -45*b**2 - 5*b - 12. Let k(y) = 2*a(y) - 3*j(y). Is k(h) composite?
False
Let l be -4*((-20)/12 + 2)*-9. Suppose 8*w - l = 12. Suppose -w*d + 1607 = -106. Is d composite?
False
Let i(t) = -t**3 + t**2 + 2*t + 2. Let z be i(-1). Let b(m) = z*m - 8*m + m + 88*m**2 + 5 - 22*m**2. Is b(4) a prime number?
False
Let u(o) = 23*o**3 - 9*o**2 + 7*o + 52. Let a(t) = -70*t**3 + 28*t**2 - 22*t - 155. Let z(r) = -2*a(r) - 7*u(r). Is z(-5) a composite number?
True
Let y(b) = -936*b + 61. Let h be y(-4). Let g = -1896 + h. Is g composite?
True
Let h(c) = -4*c - 46. Let a be h(-16). Let z = -14 + a. Suppose 4*u = z*m + 2824, -4*u = m - 6*m - 2829. Is u a prime number?
True
Let v = 67634 - -85473. Is v a composite number?
False
Suppose 9*i - 5 = 13. Let s be -3 + (-1 + 2 + i - -122). Let a = s + -79. Is a a composite number?
False
Suppose -13*r + 10*r + 22478 = -r. Is r a prime number?
True
Suppose -3*q + 850 = -8*q. Let i = -1434 - -1529. Let o = i - q. Is o a composite number?
True
Let w(t) = -t**2 + 3*t + 16592. Let y(x) = x - 1. Let z(h) = w(h) - 5*y(h). Is z(0) a prime number?
False
Is 393/(-14*(-48)/157024) a composite number?
True
Suppose -5*q + 4*n - 58982 = -10*q, -4*q + 47185 = 3*n. Is q prime?
False
Suppose -g - 1386 = -8*g. Suppose -3*f + 1800 = w, -f = -2*w - 2*w - 613. Suppose f - g = u. Is u prime?
False
Let n be (2/8)/(17/145384). Suppose 8*l + n = 10*l. Is l a prime number?
True
Suppose -3238408 = -18*r + 239174. Is r composite?
True
Is (243146952/18)/19 - 13 a prime number?
False
Let u(w) = w**2 + 8*w - 28. Let a be u(-11). Suppose -h + 65643 = 4*f, 5*f = a*h + 108122 - 26062. Is f a composite number?
False
Let g be (0 - (1 - 4)) + 1/(-1). Suppose a + g*w = -4*a + 21997, -3*a + 13196 = -w. Is a composite?
True
Suppose -613 = 4*z - 5*z + 2*w, 5*z - 5*w - 3040 = 0. Suppose -x = -3740 + z. Is x a prime number?
True
Suppose -3*x + 4*p + 57609 + 46258 = 0, 2*p + 34617 = x. Is x composite?
True
Suppose n - 10369 = -4*q, 0*n - n + q = -10384. Let k = n + -6822. Is k prime?
True
Suppose -3*r + 50686 = 2*t, -5*t = -19*r + 23*r - 126701. Is t a prime number?
False
Let j(z) = 2*z**3 - 15*z**2 + 17*z - 16. Suppose 5*p = -41 + 96. Let s be j(p). Suppose s + 2014 = 4*n. Is n prime?
False
Suppose -13 = 20*o + 47. Let w(k) = 162*k**2 - 4*k + 1. Is w(o) a composite number?
False
Suppose 10464572 - 29732107 = -49*a. Is a a composite number?
True
Suppose 2*d - 74344 = 4*c - 6*c, 2*c + 111511 = 3*d. Is d composite?
False
Let r = -33238 + 21510. Let k = r - -19443. Suppose 0 = -32*j + 27*j + k. Is j a prime number?
True
Let g = 47410 + -26205. Is g a composite number?
True
Let a be (-15714)/(-5) + (-24)/30. Let n = -4484 + a. Let v = -713 - n. Is v a composite number?
True
Suppose 4*j - 6522 - 6522 = 0. Suppose -973 = -2*t + j. Is t a prime number?
False
Suppose 2*h + 20740 = -2*h - 2*y, -3*h + 3*y = 15573. Let z = 8460 + h. Is z composite?
True
Let x(c) = 44*c**2 - c - 1. Let l be x(1). Let h(o) = 90*o + l*o + 33*o + 85*o + 7. Is h(4) a prime number?
False
Suppose 5*k + 3*k - 32 = 0. Suppose k*g - 1348 = 6*g. Let p = g - -1413. Is p a prime number?
True
Is 13 - (13 + -329690 + -21) composite?
False
Let j(t) = 148*t**3 + 2*t**2 - 11*t - 2. Let s be j(3). Suppose -181*q = -182*q + s. Is q a composite number?
True
Suppose -2 = -7*d + 12. Suppose -d*y = 6*y - 536. Suppose k - 166 = y. Is k prime?
True
Is (-2)/(-3)*(-73690584)/(-176) a prime number?
True
Let v(z) = 25*z**3 - 12*z**2 - 7. Let p be v(5). Suppose 11*b = 11647 + p. Is b prime?
False
Let c(v) = 253*v**2 - 12*v - 13. Let d be 38 + -32 - (10 - 0). Is c(d) a composite number?
True
Let f(l) be the first derivative of 620*l**3 + 10*l**2 + 49*l - 219. Is f(-3) prime?
True
Let o(m) = m**3 + m**2 + m - 9. Let w be o(0). Let g be ((-45)/(-10))/w*14. Is 1151/(-3)*(-10 - g) a composite number?
False
Let n(u) = 50*u**2 - 625*u - 44. Is n(23) a prime number?
False
Let j be (-2)/((-3)/(-3)) - 5*-1. Suppose u + 61895 = 3*y, 4*y - u - j*u - 82516 = 0. Is y a prime number?
False
Let d(z) = 6*z - 28. Let n be d(6). Suppose 14998 = n*k + 3486. Is k a prime number?
True
Suppose 3*h - 53471 = -4*f, 1590 = 3*f + 5*h - 38516. Is f a prime number?
True
Let i(x) = -169 + 40 + 86 + 315*x. Is i(12) prime?
False
Suppose -b + 3*b = -b. Suppose -3*i + 5*k = -7*i - 13, 4*i - 4*k - 32 = 0. Suppose -g = i*t - 7626, b = 3*g - 0*g + 9. Is t prime?
True
Let y be 0/((-1 + -1)*1). Let i be ((-4)/14)/((-243)/(-126) - 2). Suppose -i*h + 1973 + 791 = y. Is h composite?
False
Suppose -3*s = 3*j + 45, -9 - 48 = 3*j - 3*s. Is 135018/10 - j/((-1020)/48) prime?
False
Let o = -39476 - -174942. Is o prime?
False
Let d(l) = 5*l**2 - 5*l + 1. Let c be d(5). Suppose -21*f - 3*f + 3600 = 24*f. Suppose 3*q - 464 + f = -4*i, 2*q - c = -i. Is i composite?
True
Let v = -83898 + 335725. Is v prime?
False
Suppose -2*b = 3*q - 1356599, q + 76*b - 74*b = 452193. Is q prime?
False
Let x be 2/5 - (-10606)/10. Suppose -352*a - 825 = -355*a. Suppose -6*z - a = -x. Is z a composite number?
False
Is 2/6*6*136074/4 a prime number?
False
Suppose 21*x - 5*x - 118320 = 0. Suppose -2*y + x = y. Let n = y + -1716. Is n a composite number?
True
Let g(v) = 3297*v**2 - 363*v - 1421. Is g(-4) a composite number?
False
Let o = 3310134 - 1605703. Is o prime?
True
Let r = -9 + 27. Let f = -6 + r. Is (-1757 - 4)*(-4)/f prime?
True
Is (212/53 - 7/2)*95554 composite?
False
Let y be (-15)/6*(-12)/10. Let f be y + -2 + 0 + 4. Suppose 5*c - 2*g = 4318 + 4359, f*c - 8670 = -5*g. Is c prime?
False
Let d(o) = -o**2 - 67*o - 311. Let u be d(-5). Let a be 58/(-12)*-2*-156. Is (a + (2 - 5))*u a prime number?
True
Let c = 111708 - 55349. Is c a composite number?
False
Is (26 - 370/15)*(-297834)/(-8) composite?
False
Let a(i) = 602*i**3 + 77*i**2 - 125*i + 9. Is a(10) composite?
False
Let z be (0 - 0) + 0 + 2. Suppose z*x - 4*x + 10 = 0. Let y = 48 + x. Is y a prime number?
True
Let q(x) = 248*x**2 - 2*x + 25. Let p be q(4). Let r = p + -2644. Let d = 2702 - r. Is d composite?
False
Let d(s) = 8*s - 19. Let h be d(4). Suppose 0 = -h*n + 1309 - 334. Suppose n*a - 81*a = -9822. Is a a prime number?
True
Let l be -5 + 5*(-13)/((-65)/24786). Suppose -2*k = j - 8271, -5*k = -5*j + l + 16514. Is j a prime number?
True
Let j(b) = 1255*b. Let d be j(2). Let i(h) = h**3 - 10*h**2 + 5*h - 40. Let n be i(10). Suppose n*z = 5*z + d. Is z composite?
True
Let p = -278774 - -479999. Is p/13 - 30/(-195) a prime number?
False
Suppose 3*f + 5*w = 16, w = -f + 6 - 0. Suppose -420 = -f*h + 2*h. Is 1225/4 - (-63)/h a prime number?
True
Suppose 3*k + 88 = -4*r, -7*r - 120 = 4*k - 3*r. Is 2/(-8) - 26280/k a prime number?
True
Let l(o) be the first derivative of -7*o - 12*o + 17*o**2 + 2*o + 8 + 15. Is l(19) prime?
False
Let f = 823 + -1573. Suppose 4*o = 5831 - 699. Let m = o + f. Is m a composite number?
True
Suppose -5195 = 8*j - 15283. Suppose -5*m + 1674 = -j. Is m a prime number?
True
Is (8 - (-8 - -27) - -13)/((-4)/(-1256542)) a prime number?
False
Let b(z) = -14*z**3 - 8*z**2 - 9*z + 19. Let w be b(-6). Let j = 4522 - w. Is j a prime number?
False
Suppose 10*f - 5*f + 1950 = 0. Let h = f + -119. Let l = h + 760. Is l prime?
True
Let p(w) = 203*w**3 + w**2 - 1. Suppose g - 5*d - 50 = 0, -3*g + d + 80 = -0*g. Let i = 26 - g. Is p(i) a 